inder when f is divided by 18?
14
Let q = -248 - -303. Calculate the remainder when 439 is divided by q.
54
Let h = 42 + -16. Suppose 3*r = -8 + 2. Let u = r + 9. What is the remainder when h is divided by u?
5
Let z(k) = k**3 + 17*k**2 + 2. Let v be z(-14). Suppose v = -7*a + 12*a. What is the remainder when a is divided by 40?
38
Calculate the remainder when (10 + 26)*9 + -8 is divided by 53.
51
Let d(b) = 2*b + 59. What is the remainder when d(16) is divided by 31?
29
What is the remainder when 2285/5 - ((-5)/5 - 1) is divided by 23?
22
Let n be (3 - (-87)/(-5))/((-2)/75). Suppose 23*z = 8*z + n. Calculate the remainder when 140 is divided by z.
32
Let r = 23 - 23. Suppose r = 7*x - 7 - 21. Let p = 1 + 5. Calculate the remainder when p is divided by x.
2
Let a = 1770 + -1762. Suppose -3*o = -5*d + o + 535, 4*d - 2*o = 422. What is the remainder when d is divided by a?
7
Let h be 52/(-9) + 2/(-9). Suppose 0 = -3*t - 3*c + 22 + 134, 5*t - 2*c - 225 = 0. Calculate the remainder when t is divided by ((-8)/4)/(1/h).
11
Suppose -5*o + 94 = -2*i - 63, 5*o - 4*i - 159 = 0. What is the remainder when 103 is divided by o?
10
Calculate the remainder when (-3)/(-12) + (-15)/(-4) + 49 is divided by 11.
9
Suppose -2*o = 3*o + 10. Let i(z) = -z**2 - 12*z + 17. Let f be i(-12). Let h = o + f. What is the remainder when h is divided by 4?
3
Let m = 1119 + -1066. Calculate the remainder when 261 is divided by m.
49
Suppose -c - 156 = -5*c. Let p be (-2)/(4/98) + 1. Let r = -34 - p. What is the remainder when c is divided by r?
11
Calculate the remainder when (-56)/42*186/(-4) is divided by 7.
6
What is the remainder when 21 is divided by (6/4)/(-2 - (-55)/20)?
1
Let h = -71 - -139. Suppose -h = w - 256. What is the remainder when w is divided by 38?
36
Let h = 128 - 83. Suppose 3 = 4*s + 4*n - n, -3*n = 2*s - 3. Suppose a - 5 = -s*a, 0 = 5*p - 2*a - 50. Calculate the remainder when h is divided by p.
9
Let n be (-2)/8 + (-390)/(-24). Let l = n - 12. Suppose 90 = -l*o + 9*o. What is the remainder when o is divided by 10?
8
Let f(l) = -54*l + 33. Let b be f(-3). Suppose 12*z = 285 + b. What is the remainder when z is divided by 12?
4
Let q(o) = -4*o - 23. Suppose 2*x + 2*l = -l - 8, -5*x - 27 = 4*l. Calculate the remainder when 21 is divided by q(x).
1
Let s = 0 + 0. Suppose -2*o - 10 = s, -2*f + 2*o = 7*o + 19. Calculate the remainder when 57 is divided by 45*((-16)/6 + f).
12
Let s(k) = k + 3. Let y be s(5). Suppose y*r - 51 = 5*r. Let c = r - 8. Calculate the remainder when 24 is divided by c.
6
Let p = -1 - -1. Suppose p = -d + 5*d - 48. Let w = d + -7. Calculate the remainder when 12 is divided by w.
2
Suppose 4*t + 44 = 4*u, -2*u - t = 199 - 221. Let a = 62 + -43. What is the remainder when a is divided by u?
8
What is the remainder when 5 is divided by (3/(-10))/((-83)/830)?
2
Calculate the remainder when ((-8)/20)/(1/(-5)) - -111 is divided by 41.
31
Let v(b) = b**3 + 0*b**3 - 7*b - 1 - 6*b**2 + 2*b. Let f(w) = 2*w**2 + 6*w + 1. What is the remainder when f(-6) is divided by v(7)?
11
Let l = 12 + -9. Suppose l*a - 31 - 14 = 0. What is the remainder when 44 is divided by a?
14
Let i = -24 + 29. Suppose -4*x = i*z - 2*x + 1, -2*z = x. Let v(p) = 9*p**2 - 1. What is the remainder when 15 is divided by v(z)?
7
Suppose -86 - 28 = -6*u. Suppose -3*h = -39 - 183. Calculate the remainder when h is divided by u.
17
Let s = 321 - 210. Calculate the remainder when s is divided by 4/6*(-8 + 65).
35
Suppose 3*u = 2*u + 2*a - 27, 0 = 3*u + 4*a + 31. What is the remainder when 59 is divided by 1/2*u/((-119)/140)?
9
Let h be -15 + 4/(8/6). Let z(i) = -2*i - 10. Suppose 0 = 5*a - 13 - 7. What is the remainder when z(h) is divided by a?
2
Let c(l) be the third derivative of -l**4/8 + 13*l**3/3 + 22*l**2. What is the remainder when 28 is divided by c(7)?
3
Suppose 0 = -2*k - 3*k + 50. Suppose 4*x - k = 6. What is the remainder when 9 is divided by x?
1
Let w = 3 - 0. Suppose 5*p = -4*z - 3, -2*p + w = 5*z + 2*p. Let u = -235 + 244. Calculate the remainder when u is divided by z.
0
Let u = 12 - 10. Let x(z) = 2*z**3 + 2*z**2 - 3*z + 2. Let h be x(u). Let n = h - -5. Calculate the remainder when n is divided by 7.
4
Suppose 4*p - p = -1002. Calculate the remainder when 57 is divided by p/(-22) + 22/(-121).
12
Suppose -5*r = 3*j - 100, 2*j + r = 4*r + 35. Calculate the remainder when (-1 - -10)*(10 + 1) is divided by j.
24
Let l(o) = -10*o. Suppose -2*h + 5*b + 261 = 2*h, -34 = -h - 5*b. Suppose -4*a + h = 7. Calculate the remainder when l(-5) is divided by a.
11
Let l(u) = -u**2 - 19*u + 260. Let d = 54 + -38. What is the remainder when l(-26) is divided by d?
14
Let m(u) = u**3 + 8*u**2 - 4*u - 5. What is the remainder when m(-8) is divided by 11 + -5 + 8 + -2?
3
Suppose -3*q + d = -336, 0*q - 3*q + 327 = -4*d. Calculate the remainder when -4*q/(-10) + 1/(-5) is divided by 12.
9
Suppose 140 = 5*u - 5*m, -64*u - m = -67*u + 74. What is the remainder when 33 is divided by u?
10
Let x = 26 + -24. Suppose 7*w - x*w - 60 = 0. What is the remainder when 13 is divided by (w/10)/(3/10)?
1
Let z(v) = -2*v**3 - 3*v**2 + v - 4. Let g be z(-3). Suppose 0*o + g = 5*o. Suppose -o*n - 116 = -8*n. What is the remainder when n is divided by 8?
5
Suppose 0 = -3*n + 2 + 16. Suppose -6 = -4*k + n. What is the remainder when 45/20 - 6/(-8) is divided by k?
0
Let n(y) = -y**3 - 3*y**2 - 2*y + 75. Let v = -164 + 164. What is the remainder when n(v) is divided by 30?
15
Suppose 238 = 8*f + 38. Suppose -4*n + 42 = -n. What is the remainder when f is divided by n?
11
Suppose 4*h + 7 = -9, -104 = -4*k - 3*h. What is the remainder when k is divided by (10 - 0)/((-5)/15*-2)?
14
Suppose -380*t + 383*t - 9 = 0, 0 = -2*q + t + 19. Calculate the remainder when (2*62/4)/1 is divided by q.
9
Suppose k + 3*o - 2 = -2*o, -2*o = 2*k - 36. Calculate the remainder when 164 is divided by k.
10
Suppose -9*o = -17*o + 120. What is the remainder when 223 is divided by o?
13
Suppose -354 = 3*j - 7*j + 2*p, 4*p = 3*j - 278. Suppose -81*v - 345 = -j*v. What is the remainder when v is divided by 36?
33
Let t = -71 - -101. Calculate the remainder when 22 is divided by 342/26 + t/(-195).
9
Suppose -5*d - 39 + 69 = 0. Calculate the remainder when 171 is divided by d.
3
What is the remainder when ((-4)/(48/36))/((-3)/172) is divided by 56?
4
Calculate the remainder when ((-1 - -2) + 4)*104/4 is divided by 11.
9
Suppose -4*r + 0*r = -12. Suppose -18 = -7*p + r. Let o(j) = j - 7. Calculate the remainder when p is divided by o(9).
1
Let s(n) = n**2 - n + 139. Let w be s(0). Let u = 249 - w. Suppose -u = 7*o - 348. Calculate the remainder when o is divided by 18.
16
Let d(k) = -11*k - 11. Let a(p) = -5*p - 5. Let v be (140/42)/((-4)/(-6)). Let r(o) = v*a(o) - 2*d(o). What is the remainder when 30 is divided by r(-4)?
3
Suppose u - 3*u + 6 = 0. Suppose 20 = u*v + v. Let w(o) = 181*o - 525. Calculate the remainder when w(3) is divided by v.
3
Suppose -28*h = 1504 - 4080. What is the remainder when h is divided by 1 + 21 - 6/2?
16
Let y(j) = -j - 1. Let w be y(-7). Calculate the remainder when 2 - 2 - -1 - (-14 + w) is divided by 7.
2
Let j(r) = -3*r**3 + r**2 + 3*r - 2. Let c be j(2). Calculate the remainder when 217 is divided by c*(92/(-16) + 3).
41
Suppose 3*i = -12 + 21. Suppose -5*a = -i*a - 2, -4*a + 28 = y. Calculate the remainder when 89 is divided by y.
17
Calculate the remainder when 537 is divided by ((-135)/(-6))/(48/64).
27
Let t(y) = y**2 + 5*y + 1. What is the remainder when t(-10) is divided by 11?
7
Let q(a) = 3*a**3 + 4*a**2 - a + 3. Calculate the remainder when 122 is divided by q(2).
40
Suppose 2*y = -y - 3, 3*b - 19 = 4*y. What is the remainder when (82/b - -1)*5 is divided by 44?
43
Let b = 879 - 817. Calculate the remainder when 175 is divided by b.
51
Let x = -1378 + 1410. Calculate the remainder when 118 is divided by x.
22
Let d = 97 + -161. Let g = d + 90. Suppose -18 = n - 3*n. What is the remainder when g is divided by n?
8
Let m(c) = 3*c - 2*c + 10 - 5*c**2 + 2*c - 4*c - c**3. What is the remainder when m(-5) is divided by 8?
7
Suppose 4*a - 370 = -2*j, -5*j = 4*a - 252 - 133. Calculate the remainder when a is divided by 12.
6
Suppose 4*s + 3*x - 72 = 0, 3*s - 4*x - 59 = -2*s. Calculate the rem